 factors of 446001480?
2, 3, 5, 1238893
List the prime factors of 1953816455.
5, 19, 20566489
List the prime factors of 579662731.
1777, 326203
List the prime factors of 48244328.
2, 11, 281, 1951
What are the prime factors of 1172264979?
3, 139, 2811187
List the prime factors of 2713911262.
2, 257, 787, 6709
List the prime factors of 1761337677.
3, 11, 19, 23, 37, 3301
What are the prime factors of 2813001627?
3, 37, 25342357
What are the prime factors of 83457335?
5, 13, 17, 75527
List the prime factors of 32122429.
211, 152239
List the prime factors of 866516567.
7, 751, 164831
List the prime factors of 3989616270.
2, 3, 5, 17, 1009, 7753
What are the prime factors of 234598861?
7, 17, 101, 131, 149
What are the prime factors of 95728332?
2, 3, 7, 1139623
What are the prime factors of 1286949281?
37, 34782413
What are the prime factors of 155398932?
2, 3, 13, 151, 733
List the prime factors of 220262598.
2, 3, 29, 43, 3271
What are the prime factors of 1283925373?
41, 59, 530767
What are the prime factors of 1953127080?
2, 3, 5, 43, 4673
What are the prime factors of 457425670?
2, 5, 13, 3518659
List the prime factors of 54553231.
101, 127, 4253
What are the prime factors of 103877848?
2, 12984731
List the prime factors of 804155427.
3, 41, 43, 59, 859
List the prime factors of 55336849.
6841, 8089
List the prime factors of 28160113.
101, 278813
List the prime factors of 96874417.
1217, 79601
What are the prime factors of 759292876?
2, 189823219
List the prime factors of 129390552.
2, 3, 419, 4289
List the prime factors of 91915722.
2, 3, 189127
List the prime factors of 51933891.
3, 17311297
List the prime factors of 2949196549.
13, 19, 601, 19867
What are the prime factors of 494560900?
2, 5, 4945609
List the prime factors of 13461623.
7, 43, 6389
What are the prime factors of 25954557?
3, 23, 376153
What are the prime factors of 543666455?
5, 108733291
What are the prime factors of 312446990?
2, 5, 31244699
List the prime factors of 6938744383.
59, 67, 647, 2713
List the prime factors of 228246918.
2, 3, 41, 927833
List the prime factors of 653161282.
2, 61, 1117, 4793
List the prime factors of 343718097.
3, 47, 2437717
List the prime factors of 27659589.
3, 9219863
What are the prime factors of 45781403?
1187, 38569
What are the prime factors of 90860036?
2, 17, 1336177
List the prime factors of 378551875.
5, 13, 46591
What are the prime factors of 879765765?
3, 5, 58651051
List the prime factors of 124191060.
2, 3, 5, 7, 295693
List the prime factors of 815616916.
2, 107, 109, 17483
List the prime factors of 10859888.
2, 13, 109, 479
What are the prime factors of 85493796?
2, 3, 7124483
List the prime factors of 231336822.
2, 3, 38556137
List the prime factors of 457289822.
2, 11, 101, 131, 1571
List the prime factors of 1230023447.
1230023447
What are the prime factors of 320318521?
3557, 90053
What are the prime factors of 972129824?
2, 30379057
What are the prime factors of 799405601?
19, 42073979
What are the prime factors of 174709782?
2, 3, 13, 17, 37, 1187
List the prime factors of 258791310.
2, 3, 5, 1031, 2789
List the prime factors of 1974036840.
2, 3, 5, 41, 607, 661
List the prime factors of 18066462.
2, 3, 3011077
List the prime factors of 2275503672.
2, 3, 13, 7293281
What are the prime factors of 7993329?
3, 2664443
List the prime factors of 39164141.
17, 59, 39047
List the prime factors of 134433230.
2, 5, 1181, 11383
What are the prime factors of 65024000?
2, 5, 127
List the prime factors of 11297828.
2, 349, 8093
List the prime factors of 315728651.
7, 419, 107647
What are the prime factors of 219091495?
5, 7, 17, 41, 1283
What are the prime factors of 1048495447?
463, 2264569
List the prime factors of 611298039.
3, 11, 19, 974957
List the prime factors of 108684801.
3, 821, 4903
What are the prime factors of 453979486?
2, 47, 1723, 2803
List the prime factors of 570389581.
23, 41, 604867
List the prime factors of 453187629.
3, 5594909
What are the prime factors of 177912747?
3, 337, 19553
What are the prime factors of 825348691?
17, 137, 389, 911
List the prime factors of 153182825.
5, 6127313
What are the prime factors of 930047364?
2, 3, 1523, 16963
List the prime factors of 433131743.
11, 47, 837779
List the prime factors of 74155483.
79, 938677
What are the prime factors of 5526924981?
3, 193, 9545639
What are the prime factors of 40373192?
2, 41, 83, 1483
What are the prime factors of 54404171?
37, 41, 35863
What are the prime factors of 1290151805?
5, 577, 447193
What are the prime factors of 5405670342?
2, 3, 71, 181, 23369
List the prime factors of 8379286.
2, 4189643
What are the prime factors of 278560128?
2, 3, 7, 11, 9421
What are the prime factors of 5063249499?
3, 7, 11, 31, 353, 2003
List the prime factors of 65677073.
7, 11, 431, 1979
What are the prime factors of 342008583?
3, 7, 557, 4177
List the prime factors of 3897498156.
2, 3, 37, 43, 204143
What are the prime factors of 2780829056?
2, 19, 1143433
List the prime factors of 127558349.
127558349
What are the prime factors of 185842755?
3, 5, 7, 21851
List the prime factors of 2270575491.
3, 53, 14280349
List the prime factors of 104780025.
3, 5, 7, 71, 937
List the prime factors of 1981664427.
3, 67, 9859027
List the prime factors of 6261267.
3, 23, 103, 881
What are the prime factors of 57754119?
3, 19251373
List the prime factors of 149258769.
3, 11, 31, 145903
List the prime factors of 381939258.
2, 3, 63656543
List the prime factors of 338575951.
7, 48367993
What are the prime factors of 846964094?
2, 10163, 41669
What are the prime factors of 351869247?
3, 17, 223, 10313
List the prime factors of 315094121.
97, 3248393
What are the prime factors of 38132445?
3, 5, 13, 17, 11503
List the prime factors of 21659763.
3, 37, 83, 2351
What are the prime factors of 744836981?
7, 103, 1033061
List the prime factors of 5317598.
2, 11, 13, 18593
What are the prime factors of 11904464?
2, 11, 13, 43
What are the prime factors of 143769488?
2, 8985593
List the prime factors of 3238081992.
2, 3, 19, 2367019
What are the prime factors of 1546963756?
2, 13, 17, 1749959
What are the prime factors of 1266789271?
11, 115162661
List the prime factors of 39280710.
2, 3, 5, 7, 17, 11003
List the prime factors of 189520904.
2, 179, 132347
List the prime factors of 162168728.
2, 20271091
List the prime factors of 184433532.
2, 3, 19, 808919
What are the prime factors of 41333851?
13, 17, 14387
List the prime factors of 1478448466.
2, 11, 31, 2167813
What are the prime factors of 28647214?
2, 59, 242773
What are the prime factors of 43711994?
2, 43, 89, 5711
List the prime factors of 21495661.
11, 1954151
List the prime factors of 64537262.
2, 19, 1698349
What are the prime factors of 39897626?
2, 101, 263, 751
What are the prime factors of 528511723?
528511723
What are the prime factors of 122888917?
59, 2082863
List the prime factors of 1950803235.
3, 5, 43351183
What are the prime factors of 2968676067?
3, 7, 233, 739, 821
What are the prime factors of 1450023676?
2, 1553, 233423
What are the prime factors of 612621697?
612621697
What are the prime factors of 7315947557?
46957, 155801
List the prime factors of 4437432526.
2, 47, 53, 457, 1949
What are the prime factors of 154940103?
3, 139, 123853
List the prime factors of 394208380.
2, 5, 19710419
What are the prime factors of 1479785017?
23, 263, 244633
What are the prime factors of 15195182?
2, 1307, 5813
What are the prime factors of 408127621?
11, 1279, 29009
What are the prime factors of 138095904?
2, 3, 227, 6337
What are the prime factors of 1239723239?
43, 28830773
What are the prime factors of 2454044982?
2, 3, 409007497
What are the prime factors of 16146274?
2, 131, 61627
List the prime factors of 32345236.
2, 7, 11, 9547
What are the prime factors of 561573362?
2, 7, 40112383
List the prime factors of 124257836.
2, 79, 271, 1451
List the prime factors of 112662450.
2, 3, 5, 250361
List the prime factors of 6822610.
2, 5, 17, 67, 599
List the prime factors of 129004636.
2, 17, 1897127
What are the prime factors of 50103623?
73, 199, 3449
What are the prime factors of 140866690?
2, 5, 61, 230929
What are the prime factors of 251493330?
2, 3, 5, 11, 762101
List the prime factors of 5600348898.
2, 